ase 3, what is 2001121121020 - -11211?
2001121210001
In base 2, what is -1111 - 101000000000100001?
-101000000000110000
In base 5, what is 3421123 + 20401?
3442024
In base 10, what is 324348825 - 5?
324348820
In base 11, what is 42 - -1a96603?
1a96645
In base 12, what is 427 - -9b340?
9b767
In base 5, what is -22 + -440432020?
-440432042
In base 16, what is 1b1e - 1758?
3c6
In base 11, what is -39 + 1161947?
1161909
In base 6, what is -1222 - 2011525?
-2013151
In base 4, what is 300220023003231 + 0?
300220023003231
In base 13, what is -b + -262b21?
-262b2c
In base 15, what is -1 - 6d87ae?
-6d87b0
In base 4, what is 12313323 - 121232?
12132031
In base 2, what is 100110011110011101000 + -1110?
100110011110011011010
In base 16, what is -3d + 6e15?
6dd8
In base 9, what is 1221 + -1813?
-582
In base 2, what is -111011101000001100010101 - -110100?
-111011101000001011100001
In base 10, what is -22184321 + 1?
-22184320
In base 14, what is 1adc2 + 86?
1b068
In base 10, what is 3 + 4669004?
4669007
In base 8, what is 55762 + 1221?
57203
In base 15, what is -286 - -5e6ae?
5e428
In base 3, what is 0 - -11112112211100021?
11112112211100021
In base 8, what is 134702276 - 0?
134702276
In base 6, what is -42011110 - 3?
-42011113
In base 16, what is -7fb - -10092?
f897
In base 12, what is -3ab1 - -1390?
-2721
In base 2, what is 11011100 - -1011000101010101000?
1011000101110000100
In base 15, what is 2c62 - 5e7?
266a
In base 16, what is -69b672 + 0?
-69b672
In base 10, what is 2 - 5611251?
-5611249
In base 15, what is 4a7734 - -8?
4a773c
In base 12, what is -6a14747 - -a?
-6a14739
In base 13, what is 3a + -2447b13?
-2447aa6
In base 14, what is 419b - 9263?
-50a6
In base 6, what is -403322 + -5535?
-413301
In base 7, what is 4 - -56513126?
56513133
In base 4, what is 10 - -32332313033?
32332313103
In base 15, what is -823 - 108b1?
-111d4
In base 4, what is 12113011132332 - -11?
12113011133003
In base 8, what is -7 - 261725661?
-261725670
In base 14, what is 5 - 150da1?
-150d9a
In base 13, what is 0 - 7880a?
-7880a
In base 5, what is -22000324 + -2024?
-22002403
In base 15, what is ea - -1899e?
18a99
In base 12, what is a + -29b295?
-29b287
In base 16, what is -a - 1b2047?
-1b2051
In base 14, what is 97107c - 2?
97107a
In base 10, what is 1 - -513187?
513188
In base 7, what is -40121 + -12052?
-52203
In base 15, what is -54065 + -7a?
-540e0
In base 5, what is -24 + -4021444323?
-4021444402
In base 3, what is -210200202122220 + -12?
-210200202200002
In base 9, what is 1874 - 1185?
678
In base 10, what is 1819521 - 8?
1819513
In base 16, what is -1401 + -ded?
-21ee
In base 7, what is 1002142 + 350?
1002522
In base 11, what is 6331a11 + a?
6331a20
In base 13, what is -179a413 + 4?
-179a40c
In base 16, what is 6 + -88079a?
-880794
In base 9, what is 2 + 4353241?
4353243
In base 15, what is -e1b97 + -13?
-e1baa
In base 10, what is 216981 - -30?
217011
In base 9, what is -5 - -14373502?
14373486
In base 14, what is 3 - -1d93d3?
1d93d6
In base 4, what is -23 - 2003200201?
-2003200230
In base 11, what is 28825 + 5a2a?
33754
In base 10, what is -1 - -410370?
410369
In base 14, what is 68362 + -176?
681ca
In base 7, what is 1655010 + -155?
1654522
In base 15, what is 15e0 + -83?
155c
In base 16, what is -aa1529c - -3?
-aa15299
In base 16, what is -242a81 - 10?
-242a91
In base 6, what is -21105 + -55503?
-121012
In base 6, what is -5 + 2142145200?
2142145151
In base 12, what is 699 + -1b954?
-1b277
In base 16, what is -19f12f7 + 0?
-19f12f7
In base 9, what is 75084 + -2424?
72560
In base 2, what is -11111000101100011 + 1110011?
-11111000011110000
In base 12, what is 49 + 7a269b?
7a2728
In base 9, what is -54588547 - 5?
-54588553
In base 3, what is 11 + 2101000201?
2101000212
In base 6, what is 2 - 3312020355?
-3312020353
In base 11, what is 5 - 3841519?
-3841514
In base 9, what is -582325 + -345?
-582671
In base 7, what is 65032256 + 23?
65032312
In base 6, what is -1202325 + 125152?
-1033133
In base 6, what is -1 - -1302034052?
1302034051
In base 12, what is 6 + -612674?
-61266a
In base 6, what is -2 - 102442?
-102444
In base 15, what is -5 + 1705c73?
1705c6d
In base 14, what is -37 - bb141?
-bb178
In base 13, what is 15508 + 17b7?
16cc2
In base 5, what is 2 + 3331233324?
3331233331
In base 13, what is -5c - 114557?
-1145b6
In base 13, what is -73a978 + 0?
-73a978
In base 14, what is 158d61 + 3b?
158d9c
In base 6, what is -202 + 114234043?
114233441
In base 14, what is -356497 + 1a?
-35647b
In base 10, what is -101157 + -3?
-101160
In base 10, what is -44 + 27616?
27572
In base 6, what is 104545442 - 3?
104545435
In base 15, what is 59 + 51884?
518dd
In base 13, what is 3 - 12409b3?
-12409b0
In base 8, what is 1324712705 + 0?
1324712705
In base 8, what is 216 + -1006547?
-1006331
In base 7, what is -261110156 + 42?
-261110114
In base 9, what is -10621167 - 3?
-10621171
In base 7, what is -5 + -520000046?
-520000054
In base 11, what is a - 188216a?
-1882160
In base 2, what is 101101010111 - 1000010110001110000?
-1000010000100011001
In base 2, what is 1100000 + 1001000100110000?
1001000110010000
In base 6, what is 12 + -111425413?
-111425401
In base 3, what is 1212000 - -2212122?
11201122
In base 10, what is -2207171 - 6?
-2207177
In base 15, what is 2b8c0b - 8?
2b8c03
In base 8, what is -11 - 7441324?
-7441335
In base 6, what is 114251 - -44514?
203205
In base 13, what is 192263 - -3?
192266
In base 9, what is 42731 - -174?
43015
In base 7, what is -1316106152 - 1?
-1316106153
In base 15, what is 3 + -684bc6b?
-684bc68
In base 10, what is -3 + -1120013?
-1120016
In base 11, what is 63 - -6358?
6410
In base 6, what is 10123 - 1010251?
-1000124
In base 16, what is -41 - aa50?
-aa91
In base 7, what is -21421433 - -2?
-21421431
In base 2, what is -110100 + -1000010000010101000?
-1000010000011011100
In base 11, what is 41017899 - 0?
41017899
In base 15, what is -3c3e1 + 41?
-3c3a0
In base 7, what is 1502 - -3326?
5131
In base 7, what is 464 - 100?
364
In base 4, what is 2 - 10003231100333?
-10003231100331
In base 2, what is -101000000011000110000111 + 1?
-101000000011000110000110
In base 13, what is -7885214 + 1?
-7885213
In base 11, what is -4 - -51438?
51434
In base 3, what is 120210002222 + -2020?
120210000202
In base 12, what is -b - -a0796?
a0787
In base 12, what is a0 - -983434?
983514
In base 13, what is 14 - -599ca5?
599cb9
In base 4, what is 2032201330 - 1001?
2032200323
In base 16, what is 754 + -133?
621
In base 3, what is -11111110 - 211202?
-12100012
In base 10, what is -43 + -25566854?
-25566897
In base 13, what is 955c + -2262?
72ca
In base 7, what is -101064141 - -144?
-101063664
In base 5, what is 4 - 1043214441?
-1043214432
In base 12, what is 2 - -7625392?
7625394
In base 4, what is 1213331 + 10210?
1230201
In base 13, what is -c7a95 + 1?
-c7a94
In base 9, what is -13157 - -11211?
-1846
In base 7, what is -351 - 15166554?
-15200235
In base 2, what is 100 + 100001001001000001?
100001001001000101
In base 15, what is 24396 + 204?
2459a
In base 10, what is -85 + -4322?
-4407
In base 16, what is -3437 + -2eb8?
-62ef
In base 12, what is 2a - -48a1a?
48a48
In base 12, what is 172 - aa297?
-aa125
In base 10, what is -13745917 + 2?
-13745915
In base 13, what is -2b33 - 5145?
-7c78
In base 9, what is 41421356 - -5?
41421362
In base 5, what is 10 + -112222300?
-112222240
In base 6, what is -1412025401 + 3?
-1412025354
In base 5, what is -41113424333 - 23?
-41113424411
In base 3, what is -12 + -12121110121120?
-12121110121202
In base 16, what is -368 - -f21?
bb9
In base 6, what is -10 + 10210142?
10210132
In base 10, what is -478857 - 16?
-478873
In base 3, what is 111212 - -212011211?
212200200
In base 14, what is -4 - -577a?
5776
In base 13, what is a8 - 19028?
-18c50
In base 16, what is -6 + 8cf977?
8cf971
In base 6, what is 225 + -2323132?
-2322503
In base 16, what is 16 - -21a0b?
21a21
In base 4, what is -12102 - 211302222?
-211320330
In base 3, what is 1112011 + -110021200022?
-110020011011
In base 7, what is 25 - -16430066?
16430124
In base 12, what is 18663 + 22a1?
1a944
In base 6, what is -4520 - 10301?
-15221
In base 6, what is 13203 + 11310025?
11323232
In base 3, what is -20 + 11020010102111202?
11020010102111112
In base 11, what is -19 + 959308?
95929a
I